Is 2861879 a multiple of 107?
False
Is 152055486 a multiple of 371?
False
Does 14 divide 99421630?
True
Is 2546370 a multiple of 45?
True
Does 1021 divide 37648921?
False
Does 9 divide 34593488?
False
Is 768 a factor of 56042496?
True
Does 2 divide 36640611?
False
Is 110059152 a multiple of 168?
True
Does 16 divide 75781424?
True
Does 135 divide 20270115?
True
Is 12 a factor of 861011472?
True
Is 1533754097 a multiple of 7369?
False
Is 8 a factor of 52118008?
True
Does 215 divide 310050640?
True
Is 110762448 a multiple of 24?
True
Is 159758440 a multiple of 685?
True
Does 20 divide 19458906?
False
Is 458962605 a multiple of 1199?
False
Does 39 divide 347318680?
False
Does 178 divide 19845052?
False
Is 2811 a factor of 15469073?
False
Does 5 divide 5310608?
False
Is 3297 a factor of 722133929?
False
Is 71959581 a multiple of 9?
True
Is 2299969824 a multiple of 30?
False
Is 6 a factor of 13247052?
True
Is 25 a factor of 173768428?
False
Is 81190135 a multiple of 37?
False
Is 192362383 even?
False
Is 42 a factor of 630216972?
True
Does 759 divide 819974144?
False
Is 143 a factor of 849856865?
True
Does 16 divide 966766?
False
Is 1708715 a multiple of 51?
False
Does 6 divide 5070501?
False
Is 15 a factor of 497213460?
True
Is 522501018 a multiple of 221?
True
Is 248429140 a multiple of 33?
False
Is 30040298 a multiple of 49?
False
Does 323 divide 49356015?
True
Is 62 a factor of 53569202?
False
Is 41195871 a multiple of 9?
True
Does 3703 divide 407170771?
True
Is 894 a factor of 15241806?
True
Is 5872 a factor of 702393306?
False
Does 13 divide 1803801038?
True
Is 718924028 a multiple of 2057?
False
Is 38253648 a multiple of 6?
True
Is 4094846805 a multiple of 15?
True
Does 24 divide 301046048?
False
Is 4458 a factor of 571778622?
True
Does 6 divide 21697409?
False
Does 350 divide 234833090?
False
Is 71323226 a multiple of 247?
True
Is 5741 a factor of 1060498478?
False
Does 14 divide 50147287?
False
Is 1622533044 a multiple of 19?
True
Does 2365 divide 1311672662?
False
Is 5702350112 a multiple of 39?
False
Is 61584563 a multiple of 6?
False
Does 94 divide 45862565?
False
Is 54974843 a multiple of 2815?
False
Is 2224603491 a multiple of 11?
True
Does 2278 divide 132087552?
True
Is 16452262 a multiple of 142?
True
Is 72 a factor of 1489870800?
True
Does 71 divide 623933152?
False
Is 4 a factor of 76478324?
True
Is 89514904 a multiple of 12?
False
Does 114 divide 59108816?
False
Does 49 divide 107725534?
False
Does 22 divide 26749250?
True
Does 266 divide 31154718?
True
Is 41237255 a multiple of 2102?
False
Is 139 a factor of 21282054?
False
Is 97634991 a multiple of 511?
False
Is 759 a factor of 148133629?
False
Does 6 divide 24018684?
True
Is 55834834 a multiple of 337?
True
Does 22 divide 127858874?
True
Is 30262915 a multiple of 2045?
False
Is 778051 a multiple of 95?
False
Is 17177316 a multiple of 331?
False
Is 3002324700 a multiple of 2724?
True
Is 16 a factor of 1464065200?
True
Is 120 a factor of 215835720?
True
Is 166727307 a multiple of 757?
False
Does 807 divide 541294311?
False
Is 231 a factor of 6873944?
False
Does 9 divide 74417292?
True
Is 328 a factor of 52754396?
False
Is 5829701 a multiple of 470?
False
Does 679 divide 8378181?
True
Is 518821962 a multiple of 602?
False
Does 17 divide 329400866?
False
Is 9558907 a multiple of 47?
True
Is 463779974 a multiple of 7?
True
Is 24918075 a multiple of 105?
True
Is 35 a factor of 26079340?
True
Is 5 a factor of 309438340?
True
Is 9 a factor of 50329098?
True
Is 739342566 a multiple of 243?
True
Is 55962242 a multiple of 7?
True
Is 281 a factor of 280442059?
False
Is 319444236 a multiple of 999?
True
Does 1100 divide 262185264?
False
Does 1899 divide 70109181?
True
Is 2371 a factor of 20205643?
False
Is 86 a factor of 248722922?
True
Does 13 divide 229399890?
False
Does 18 divide 3891978?
True
Does 3026 divide 197612731?
False
Does 1044 divide 9511884?
True
Does 109 divide 17725519?
False
Does 52 divide 8177572?
True
Is 3 a factor of 250322961?
True
Is 135 a factor of 5072355?
True
Does 343 divide 81200807?
False
Does 19 divide 125093834?
True
Is 526231324 a multiple of 62?
True
Is 3 a factor of 103683216?
True
Does 181 divide 14171214?
True
Is 5 a factor of 461746?
False
Is 248226804 a multiple of 35?
False
Does 2093 divide 150562778?
False
Is 1267508122 a multiple of 16?
False
Does 51 divide 17518672?
False
Is 235431922 a multiple of 22?
True
Does 3 divide 21378069?
True
Is 217374294 a multiple of 10?
False
Is 5154 a factor of 35366089?
False
Is 445410728 a multiple of 1249?
False
Is 14626084 a multiple of 111?
False
Is 48 a factor of 210773280?
True
Does 138 divide 417812250?
True
Is 4794 a factor of 259925886?
True
Does 264 divide 5142001?
False
Does 7 divide 1367674208?
False
Is 6983410 a multiple of 18?
False
Is 240 a factor of 31387428?
False
Is 15 a factor of 988867854?
False
Is 758431006 a multiple of 809?
False
Is 316699282 a multiple of 218?
True
Is 887 a factor of 7750214?
False
Is 2724035424 a multiple of 327?
False
Is 5006 a factor of 4648367559?
False
Is 249016288 a multiple of 32?
True
Does 212 divide 74581600?
True
Is 170 a factor of 7145780?
True
Is 1353 a factor of 318881805?
True
Is 1366412712 a multiple of 4294?
False
Does 9 divide 26785458?
True
Is 2370204902 a multiple of 426?
False
Is 88 a factor of 339798340?
False
Is 726 a factor of 80458714?
False
Does 981 divide 293446530?
True
Is 74707879 a multiple of 75?
False
Is 121774531 a multiple of 126?
False
Is 132398268 a multiple of 151?
False
Is 1377990698 a multiple of 3766?
True
Does 210 divide 33180135?
False
Does 26 divide 148374694?
True
Is 36113272 a multiple of 83?
False
Is 105 a factor of 14188137?
False
Is 56755722 a multiple of 51?
False
Does 14 divide 3902329?
False
Is 369 a factor of 64952118?
True
Is 49142520 a multiple of 20?
True
Is 2393 a factor of 53561771?
False
Is 302602258 a multiple of 206?
True
Is 34 a factor of 286286905?
False
Is 11 a factor of 1009734234?
False
Does 3 divide 85406151?
True
Is 18 a factor of 2784496662?
True
Does 46 divide 22254873?
False
Is 22 a factor of 411362509?
False
Is 31262517 a multiple of 429?
True
Is 21 a factor of 10578963?
False
Does 24 divide 53526253?
False
Is 252803180 a multiple of 1948?
False
Does 186 divide 2744338396?
False
Is 122476283 a multiple of 1635?
False
Is 33145424 a multiple of 4?
True
Is 53 a factor of 138964971?
False
Is 43578895 a multiple of 35?
False
Is 895 a factor of 140650145?
True
Is 186273070 a multiple of 1735?
True
Does 7 divide 18105563?
True
Does 55 divide 167169585?
True
Is 14514283 a multiple of 72?
False
Does 3723 divide 174927554?
False
Is 919 a factor of 6859416?
True
Does 949 divide 35702846?
False
Is 9669945 a multiple of 42?
False
Is 325485741 a multiple of 2762?
False
Does 6 divide 41709120?
True
Is 2915706705 a multiple of 761?
False
Does 18 divide 5646028?
False
Is 1154754612 a multiple of 44?
True
Does 32 divide 22054144?
True
Is 511 a factor of 1384412229?
False
Does 470 divide 21751600?
True
Is 74440800 a multiple of 18?
True
Is 563541912 a multiple of 549?
True
Does 107 divide 37839864?
False
Does 315 divide 152316675?
True
Is 1128849430 a multiple of 5?
True
Is 12 a factor of 376734570?
False
Is 27388512 a multiple of 32?
True
Is 828 a factor of 1431567815?
False
Is 299060461 a multiple of 149?
False
Is 37 a factor of 3728490?
True
Is 137145768 a multiple of 12?
True
Does 20 divide 10941825?
False
Is 9 a factor of 78669274?
False
Is 30 a factor of 41134620?
True
Is 13 a factor of 2179317?
False
Is 94697688 a multiple of 1388?
True
Does 1772 divide 186855390?
False
Does 2307 divide 173525619?
True
Does 3 divide 618848424?
True
Is 73 a factor of 80631858?
True
Does 3 divide 819770?
False
Is 104496708 a multiple of 129?
True
Does 4 divide 69195709?
False
Does 130 divide 56139263?
False
Is 268730252 a multiple of 161?
True
Is 8 a factor of 1489096?
True
Does 9 divide 857276991?
True
Is 20317802 a multiple of 2033?
True
Is 248169768 a multiple of 507?
False
Does 270 divide 370008810?
True
Does 519 divide 35893521?
True
Is 2475 a factor of 69881625?
True
Is 287 a factor of 697064452?
True
Is 1103 a factor of 986743800?
True
Does 673 divide 147573574?
False
Does 3 divide 52754801?
False
Does 18 divide 269179410?
False
